{"id":741,"date":"2024-06-29T07:57:21","date_gmt":"2024-06-29T07:57:21","guid":{"rendered":"https:\/\/var2.in.rs\/?page_id=741"},"modified":"2024-06-29T08:01:15","modified_gmt":"2024-06-29T08:01:15","slug":"slaughter-festival","status":"publish","type":"page","link":"https:\/\/var2.in.rs\/index.php\/slaughter-festival\/","title":{"rendered":"Slaughter festival"},"content":{"rendered":"\n<figure class=\"wp-block-image size-large is-resized\"><img loading=\"lazy\" decoding=\"async\" width=\"726\" height=\"1024\" src=\"https:\/\/var2.in.rs\/wp-content\/uploads\/2024\/06\/LOGO-SLAUGHTER-horor-pozitiv-726x1024.png\" alt=\"\" class=\"wp-image-745\" style=\"width:458px;height:auto\" srcset=\"https:\/\/var2.in.rs\/wp-content\/uploads\/2024\/06\/LOGO-SLAUGHTER-horor-pozitiv-726x1024.png 726w, https:\/\/var2.in.rs\/wp-content\/uploads\/2024\/06\/LOGO-SLAUGHTER-horor-pozitiv-213x300.png 213w, https:\/\/var2.in.rs\/wp-content\/uploads\/2024\/06\/LOGO-SLAUGHTER-horor-pozitiv-768x1083.png 768w, https:\/\/var2.in.rs\/wp-content\/uploads\/2024\/06\/LOGO-SLAUGHTER-horor-pozitiv-1089x1536.png 1089w, https:\/\/var2.in.rs\/wp-content\/uploads\/2024\/06\/LOGO-SLAUGHTER-horor-pozitiv-1452x2048.png 1452w\" sizes=\"auto, (max-width: 726px) 100vw, 726px\" \/><\/figure>\n\n\n\n<p><strong>30 FILMOVA U TRCI ZA NAGRADU \u201eZLATNA MACOLA\u201c<\/strong><\/p>\n\n\n\n<p>Tre\u0107e izdanje festivala umetni\u010dkog horor filma Slaughter Fest prikaza\u0107e od 5. do 7. jula u prostoru biv\u0161e klanice u Doljevcu stru\u010dnu selekciju od tridesetak najnovijih dugometra\u017enih i kratkih horor filmova svetske produkcije (Evropa, Severna i Ju\u017ena Amerika, Azija).<\/p>\n\n\n\n<p>Upravo je obznanjen kompletan filmski program. Me\u0111u najnovijim atraktivnim naslovima koji se nadme\u0107u za nagradu \u201eZlatna macola\u201c, isti\u010de se srpska premijera francuskog filma <strong><em>Supstanca<\/em> <\/strong>sa Demi Mur i Denisom Kvejdom,koji je na nedavno odr\u017eanom festivalu <strong>u Kanu dobio nagradu za najbolji scenario<\/strong>.<\/p>\n\n\n\n<p>Pre dve godine u Kanu je Zlatnu palmu za Najbolji film dobio film <strong><em>Titan<\/em><\/strong>, sa jakim elementima horora, koji se sada prikazuje na Slaughteru kao podse\u0107anje na sve ve\u0107e prihvatanje horora od strane mejnstrima.<\/p>\n\n\n\n<p>Organizatori isti\u010du i dva italijanska horora: <strong><em>Bunar<\/em><\/strong>, \u017eestok film u kojem nose\u0107u ulogu igra glavna glumica iz kultnog filma <strong><em>Terifajer 2<\/em><\/strong> i ne\u0161to ne\u017eniji <strong><em>Mimi, princ tame,<\/em><\/strong> o mladi\u0107u koji stupa u dodir sa vampirskom potkulturom.<\/p>\n\n\n\n<p>Na festivalu \u0107e biti prikazana i dva najnovija dugometra\u017ena doma\u0107a filma sa elementima horora: <strong><em>Radni\u010dka klasa ide u pakao<\/em><\/strong> reditelja Mladena \u0110or\u0111evi\u0107a i <strong><em>Videoteka<\/em><\/strong> Luke Bursa\u0107a. Bursa\u0107 \u0107e biti i gost festivala.<\/p>\n\n\n\n<p>Pored toga, u programu <strong>\u201eOma\u017e Dejvidu Lin\u010du\u201c<\/strong> bi\u0107e prikazani njegovi kultni filmovi <strong><em>Glava za brisanje <\/em><\/strong>i <strong><em>Tvin Piks: vatro, hodaj sa mnom<\/em><\/strong> \u010diju \u0107e magiju mla\u0111a publika na Slaughteru premijerno mo\u0107i da do\u017eivi na velikom platnu.<\/p>\n\n\n\n<p>Van konkurencije \u0107e biti prikazani i filmovi Amelijina deca, Pri\u010daj sa mnom, Skup senki, \u010cudovi\u0161te, Izgreban, 1978: Tinejd\u017eerski no\u0107ni provod i drugi.<\/p>\n\n\n\n<p>Posebna poslastica bi\u0107e izbor najboljih novih kratkih horora iz me\u0111unarodne konkurencije koji su se na slovena\u010dkom festivalu fantasti\u010dnog filma i vina Grossmann 2024 takmi\u010dili za nagradu \u201eHudi ma\u010dek\u201c.<\/p>\n\n\n\n<p>Publika \u0107e mo\u0107i da pogleda i kratke srpske horor filmove koji su prijavljeni za nagradu \u201eZlatna macola\u201c.<\/p>\n\n\n\n<p>Selektor programa je ujedno i umetni\u010dki direktor festivala, <strong>dr Dejan Ognjanovi\u0107<\/strong>, dobitnik nagrade Rondo Haton za klasi\u010dni horor (2023), i finalista nagrade Bram Stoker (2022), najpresti\u017enije svetske nagrade u oblasti horora. Njegov roman <em>Zadu\u0161nice<\/em> bio je u u\u017eem izboru za NIN-ovu nagradu 2024. godine.<\/p>\n\n\n\n<p>Ognjanovi\u0107 \u0107e u subotu, 6. jula biti moderator tribine pod naslovom \u201eHOROR U VIDEO KLUBOVIMA\u201c. Bi\u0107e odr\u017eana u DELI prostoru, kod Sinagoge (Davidova 2A), s po\u010detkom u 13 \u010dasova, a u\u010desnici su: <strong>Luka Bursa\u0107<\/strong>, scenarista i reditelj filma VIDEOTEKA koji se prikazuje na Slaughter Festu, <strong>Mi\u0161ko Jan\u010di\u0107<\/strong>, vlasnik video-kluba MB i <strong>Nenad Bekvalac<\/strong>, stru\u010dnjak za retke horor naslove i ko-autor emisije \u0160OK KORIDOR. Tema tribine je video-klub kao hram zaljubljenika u horor i prise\u0107anje na zlatno doba 1980-ih i 1990-ih, na potrage za retkim, kultnim naslovima i druge horor avanture. Istovremeno, to je i predstavljanje doma\u0107eg horor omnibusa, VIDEOTEKA, inspirisanog hororima iz video-klubova.<\/p>\n\n\n\n<p>Predsednik \u017eirija i glavni gost bi\u0107e <strong>Romen Rol<\/strong>, iz Luksemburga, koji je 33 godine radio na Briselskom me\u0111unarodnom festivalu fantasti\u010dnog filma u Belgiji. Dugo je koordinisao Melijesovu me\u0111unarodnu federaciju festivala a tokom deset godina imao je svoj festival \u017eanrovskog filma \u201eSinenigma\u201c (\u201eCinenigma\u201c) u Luksemburgu. Producirao je nekoliko filmova u Luksemburgu i ve\u0107 40 godina je aktivan u razli\u010ditim oblastima \u017eanrovske filmske industrije.<\/p>\n\n\n\n<p>U prostoru doljeva\u010dke klanice bi\u0107e prire\u0111ena i izlo\u017eba originalnih jezovitih skulptura subotni\u010dkog umetnika <strong>Arpada Slan\u010dika<\/strong> koje \u0107e upotpuniti ugo\u0111aj neobi\u010dne strave.<\/p>\n\n\n\n<p><strong>Ulaz za posetioce se ne napla\u0107uje<\/strong>, a za goste iz Ni\u0161a i Leskovca, bi\u0107e organizovan <strong>besplatan prevoz do Doljevca i nazad<\/strong>, kao i <strong>besplatan parking<\/strong> za sve one koji dolaze svojim automobilima.<\/p>\n\n\n\n<p>Festival se odr\u017eava pod pokroviteljstvom <strong>Ministarstva kulture i Op\u0161tine Doljevac<\/strong>. Otvaranje festivala bi\u0107e 4. jula, od 20 sati, na istorijskom lokalitetu u tvr\u0111avi Korvin grad (Koprijan). Nastupi\u0107e bend \u201eCoby`s Death\u201c, a bi\u0107e i prikazana skulptura \u201eLeptirica\u201c Arpad Slan\u010dika i emitovan istoimeni film \u0110or\u0111a Kadijevi\u0107a.<\/p>\n","protected":false},"excerpt":{"rendered":"<p>30 FILMOVA U TRCI ZA NAGRADU \u201eZLATNA MACOLA\u201c Tre\u0107e izdanje festivala umetni\u010dkog horor [&hellip;]<\/p>\n","protected":false},"author":1,"featured_media":0,"parent":0,"menu_order":0,"comment_status":"closed","ping_status":"closed","template":"","meta":{"footnotes":""},"class_list":["post-741","page","type-page","status-publish","hentry"],"_links":{"self":[{"href":"https:\/\/var2.in.rs\/index.php\/wp-json\/wp\/v2\/pages\/741","targetHints":{"allow":["GET"]}}],"collection":[{"href":"https:\/\/var2.in.rs\/index.php\/wp-json\/wp\/v2\/pages"}],"about":[{"href":"https:\/\/var2.in.rs\/index.php\/wp-json\/wp\/v2\/types\/page"}],"author":[{"embeddable":true,"href":"https:\/\/var2.in.rs\/index.php\/wp-json\/wp\/v2\/users\/1"}],"replies":[{"embeddable":true,"href":"https:\/\/var2.in.rs\/index.php\/wp-json\/wp\/v2\/comments?post=741"}],"version-history":[{"count":2,"href":"https:\/\/var2.in.rs\/index.php\/wp-json\/wp\/v2\/pages\/741\/revisions"}],"predecessor-version":[{"id":746,"href":"https:\/\/var2.in.rs\/index.php\/wp-json\/wp\/v2\/pages\/741\/revisions\/746"}],"wp:attachment":[{"href":"https:\/\/var2.in.rs\/index.php\/wp-json\/wp\/v2\/media?parent=741"}],"curies":[{"name":"wp","href":"https:\/\/api.w.org\/{rel}","templated":true}]}}